e j(5). What is the units digit of (20/(-15))/(2/d)?
2
Suppose -37 = 5*u - 6*u. What is the tens digit of u?
3
What is the units digit of ((-54)/4)/(16/(-128))?
8
What is the tens digit of (-56)/12 + 4 - 617/(-3)?
0
Let g(z) = -2*z + 3*z + 0*z + z + 4. What is the tens digit of g(4)?
1
Suppose 2*z + 4*i = 0, 0*i - 1 = -3*z - 5*i. What is the units digit of z?
2
What is the units digit of (-12)/9 - 2354/(-33)?
0
Suppose 2*h - 2*m - 304 = -6*m, 137 = h - 3*m. What is the units digit of h/6 + (-6)/(-9)?
5
Let b = 322 + -110. What is the tens digit of b?
1
Suppose -10 = -5*l - 0. Suppose -l*f + f = 0. Let b(o) = o + 2. What is the units digit of b(f)?
2
Let t = -2 - 1. Let g(j) = -2*j + j - 2 + 0*j. What is the units digit of g(t)?
1
Let a(l) = l + 10. What is the units digit of a(-9)?
1
Suppose 0 = 5*y - 2*y - 138. What is the tens digit of y?
4
Suppose -2*j + 9 - 21 = 0. Let n(k) = k**2 + 5*k + 8. What is the units digit of n(j)?
4
Suppose -3*p + p + 8 = 0. Suppose -j + p = 2. What is the units digit of j?
2
Suppose -z - 4*k = -9, -5*z - 6*k + 11 = -3*k. Let f = -4 + z. What is the units digit of f/6*7*-2?
7
Let l be 10/65 + (-440)/(-13). Suppose 5*r = l + 96. What is the tens digit of r?
2
Suppose 1 = 2*m - 9. Let f(w) = -w + 4. Let q be f(m). Let z = 0 - q. What is the units digit of z?
1
Suppose 4*y - 23 = -p - 4*p, p = 4*y - 29. Suppose 2 = 3*s - y. What is the units digit of s?
3
Suppose 15*v - 780 = 11*v. What is the hundreds digit of v?
1
What is the units digit of 44/16 + (-3)/4?
2
Suppose 0 = -5*h - 1 + 66. What is the units digit of h?
3
Suppose 2*o - 3*v + 6*v = 25, -25 = -4*o - v. Suppose 0 = -r + o*r - 20. What is the units digit of ((-6)/(-15))/(1/r)?
2
Suppose 0 = 5*t - 2*q - 623, -t + 6*q + 139 = 2*q. What is the tens digit of t?
2
Let o(j) = -j**2 - j + 12. Suppose r = -0*r. What is the tens digit of o(r)?
1
Suppose -9*r + 2046 = -3*r. What is the hundreds digit of r?
3
Let c = -288 - -412. What is the units digit of c?
4
Let p = 31 + -20. Suppose -8*g - 126 = -p*g. What is the tens digit of g?
4
Let k(u) = u**3 - 14*u**2 - 32*u + 12. What is the tens digit of k(16)?
1
Let j be ((-6)/(-15))/(3/180). Suppose -y = 3*c + 76, c = y - 0*y - j. Let u = 44 + c. What is the tens digit of u?
1
Let n(g) = -4*g + 10*g + 9 - g**2 + 2*g**2 + 0. What is the units digit of n(-7)?
6
Let k = 0 + 4. Suppose 2*a = y - 5, 4*y - 25 = -4*a + 7. Let q = y - k. What is the units digit of q?
3
Suppose 7 = g + 20. Let b = g + 15. What is the units digit of b?
2
Let g(a) = a**3 + 6*a**2 - 8*a - 7. Let m be g(-7). Suppose 0 = 4*j - m*j - 32. What is the units digit of j?
8
Let b(s) = -30*s - 9. What is the hundreds digit of b(-7)?
2
Let d be (1/3)/((-2)/(-12)). Suppose -d*j = -0*j - 14. Suppose 0*g - 3*g + 2*q = -8, g = 5*q + j. What is the units digit of g?
2
Let u(k) = -k**3 - k**2 - k + 26. Let s = 4 - 4. What is the units digit of u(s)?
6
Let w(g) = 7*g + 3 - 8*g - 2 - 3 - 54*g**3. What is the tens digit of w(-1)?
5
Suppose 0 = -0*y - y - 1. Let p = y - -5. What is the units digit of p?
4
What is the units digit of ((-116)/6)/((-12)/18)?
9
Suppose 2*s = -3*y - y + 14, 0 = 3*s + 2*y - 13. Let q be 2/3*(0 + s). Suppose 2*k - 47 = -q*k + m, 0 = 3*k + 2*m - 38. What is the tens digit of k?
1
Let w(t) = -2*t**2 - 6*t + 1. Let v be w(-5). Let u = 10 - v. What is the units digit of u?
9
Let x(m) = -13*m - 58. What is the tens digit of x(-10)?
7
Let p(z) = -7*z - 3. Let f(v) = -27*v - 12. Let w(m) = 4*f(m) - 15*p(m). Let g be w(-7). Suppose 2*y + g = 4*y. What is the units digit of y?
9
Let v(p) = -p**3 - 5*p**2 + 7*p + 7. Suppose -3*d = -4*h - 9, 2*h - 4*d - 8 = -0*h. What is the units digit of v(h)?
1
Let w(u) = u**3 - u**2 + 3. Suppose 2*c = -0*c. Let l be w(c). Suppose -d = l*q, 5*d - 4*q - 6 = 51. What is the units digit of d?
9
Let f be (6/4)/((-12)/(-64)). Let v(b) = -b - 1. Let x be v(3). Let d = x + f. What is the units digit of d?
4
Suppose 4 = 5*l - 3*l. Suppose -2*a - 4*q = -a + 13, -2*q + 1 = 3*a. Suppose -l*i + a = i. What is the units digit of i?
1
Let a = -270 - -469. What is the hundreds digit of a?
1
Let f(q) = -q + 7. Let w be f(5). Let a = 0 + w. What is the units digit of a?
2
Suppose -5*u + 46 = 4*b, -5*u + 7*u - 31 = -3*b. Suppose 4*z + 18 = -d, 4*z - 2*d + 3 = -b. Let h = z - -7. What is the units digit of h?
3
Let v = 105 - -25. What is the units digit of v?
0
Suppose 0*s + 40 = -2*s. Let c be 34/9 - s/90. Suppose 18 = c*j - 6. What is the units digit of j?
6
Let z(x) = -12*x + 84. What is the tens digit of z(-13)?
4
Let g(b) = 5*b + 2. Suppose 4 = 2*o - 0*o. What is the units digit of g(o)?
2
Suppose 52 = -3*g + 223. What is the tens digit of g?
5
Let m(c) = 3*c - 5*c**2 + 13 + 4*c**2 - 2*c. What is the units digit of m(0)?
3
Suppose -2*l + l = 0. Let w be (-560)/(-25) - 4/10. Suppose 2*k = -3*j + w, -2*j - 3*k = -l*j - 13. What is the units digit of j?
8
Let d(y) = y**3 + 12*y**2 + 15*y + 11. What is the tens digit of d(-8)?
4
Let r(j) = -j + 4. What is the units digit of r(2)?
2
Let m be ((-5)/(-2))/((-3)/(-42)). Let i = m + -1. What is the tens digit of i?
3
Let t(u) = -7 + 7 + 2*u - u + 5*u**2. What is the units digit of t(-1)?
4
Let i = -38 - -40. What is the units digit of i?
2
Let u(q) = -2 - 1 + 8 - 3*q. What is the units digit of u(-5)?
0
Let h be (136/12)/(4/6). Let d = h + -9. What is the units digit of d?
8
Let i be (66/8)/3*4. Suppose -r = 2*b - 43, r - i = 3*b + 7. What is the tens digit of r?
3
Suppose -6*y + 21 + 39 = 0. Suppose -2*j = -y, 5*m - 157 = -4*j + 63. What is the units digit of m?
0
Let x = 93 + -45. What is the tens digit of x?
4
Let g = 12 - 2. Suppose -g*x = -8*x - 86. What is the tens digit of x?
4
Let i(x) = 6*x. Let d be 3 - (0 + 2 - 4). What is the tens digit of i(d)?
3
Let l(u) = -u**2 - u + 55. What is the units digit of l(0)?
5
Let v be (1/2)/((-4)/24). Let s = v - -9. What is the units digit of 37/5 - s/15?
7
Let h be ((-24)/(-1 + 4))/(-2). Suppose -21 = -p + h*p. Let d = 15 + p. What is the units digit of d?
8
What is the tens digit of 8 + -7 - (-102 + -1)?
0
Let w(l) be the second derivative of l**3/6 + 5*l**2/2 + l. Let n be w(-3). Suppose -t - n = 1, -15 = -2*j + t. What is the units digit of j?
6
Let p(a) = -a**2 + a + 43. Let y be p(0). Suppose 0 = -r + 3*s + 33, 0*r = 3*r + 5*s - y. What is the units digit of r?
1
Let k be 25/(-10)*-6*1. Suppose -3*s = -0*s - k, 2*a + 5*s = 29. Suppose -a*w - 7 = -3*w. What is the units digit of w?
7
Let l be (30/1)/(1 - -1). What is the tens digit of (l/2)/((-9)/(-12))?
1
Let k(w) = -w**3 + 16*w**2 - w + 19. Let o be k(16). Let t = o - 0. What is the units digit of t?
3
Suppose -3*u + d = -22, 5*u = -5*d + 3*d + 22. What is the units digit of (-2)/6*u*-2?
4
Suppose 0 = 5*z + 2*j - 378, -2*j + 149 = 2*z + j. What is the units digit of z?
6
Let r be 6/21 + 360/14. Suppose l = -3*i - 2, l - 6*l + r = -3*i. What is the units digit of l?
4
Suppose 0 = 4*l - 20, 13 = 2*r - l - 24. What is the tens digit of r?
2
Suppose 11 = 2*w + 3. Suppose 3*q + 0 = 2*x + 8, -w*x + 16 = 2*q. Let z(y) = 3*y**2 - 4*y + 3. What is the units digit of z(x)?
7
Let w(p) = p - 1 + 6 + 2. What is the units digit of w(-6)?
1
What is the units digit of (1 - (-4)/(-12))*102?
8
Suppose 5*u = -5*d + 75, 2 = -u - 2. Let l = d + -2. What is the units digit of l?
7
Suppose 3*p = 4*z + 50, 3*p + 4 = -z + 29. What is the units digit of (-30)/12*(-56)/p?
4
Suppose -2*m + 5*m - 24 = 0. Let w = -2 + m. What is the units digit of w?
6
Let j be (-16)/(-6)*(-18)/(-8). Let b = 0 + j. What is the units digit of b?
6
Let q(u) = -u**3 + 22*u**2 - 14*u - 21. What is the units digit of q(21)?
6
What is the tens digit of 60/1 + 10 + -6?
6
Let g(m) = m**3 - 5*m**2 - 5*m + 4. Let s be g(6). Suppose -s + 48 = n. What is the units digit of n?
8
What is the units digit of (-1 - 2) + 0 + 62?
9
Let w(c) = 4*c**3 - 2*c**2 + 2. What is the units digit of w(2)?
6
Suppose 2*r = h + 3, -r = 5*h + 2*r - 24. Suppose h*m - 4*x = 8, 5*m + 5*x + 10 = -0*m. What is the units digit of (-2 - 1)*(m + -3)?
9
Let a be 12 + (-1 - 1 - -4). Let j = a + -9. What is the units digit of j?
5
Let t(x) = -x**2 - 11*x - 7. Let i be t(-10). Suppose -4*m + v + 17 - i = 0, 3*m + 4*v - 1 = 0. What is the units digit of m?
3
Let y = -12 - -8